rs of q(h).
2, 3, 11
Let a be -26 - 3*(-8)/(-6). What are the prime factors of 5/((-50)/115)*a?
3, 5, 23
Suppose 8*g + 411 = -805. List the prime factors of ((-15)/(-20))/(-3 - 457/g).
2, 3, 19
Let c(j) = -j - 5. Let n be c(-4). Let o(k) = 4*k - 32*k - 1 - 20*k. What are the prime factors of o(n)?
47
Let s(m) = -m**3 - 14*m**2 - 11*m + 4. Let v be s(-13). Let d = 83 + v. List the prime factors of d.
61
Let p(d) = -d**3 - 6*d**2 - 2*d - 7. What are the prime factors of p(-9)?
2, 127
Let v(m) = 6*m - 6. Let d be v(4). Suppose 7*i - 5*i + 18 = 0. Let y = d + i. List the prime factors of y.
3
Suppose 2*d + 2*f - 400 = -0*d, 5*d - 2*f - 979 = 0. Let k = -38 + d. List the prime factors of k.
3, 53
Suppose -90 = -6*m + m. List the prime factors of (m/10)/(2/10).
3
Let g(n) = 26*n**2 + n. Let p = -1 - -5. Suppose p*q = 2*q - 2. List the prime factors of g(q).
5
Let s(k) be the third derivative of k**4/24 + 11*k**3/6 + 5*k**2. Let b be s(-9). Suppose -27 = -a + 4*g, -4*a = -g + b*g - 91. What are the prime factors of a?
23
Suppose -25*w = -12630 - 8820. List the prime factors of w.
2, 3, 11, 13
What are the prime factors of 2002 + (-4)/5 + (-36)/(-20)?
2003
Let s(z) = z**3 - z - 2. Let b be s(2). Let o(j) = j**3 - j**2 - 4*j - 6. Let a be o(b). Let y = a + 0. List the prime factors of y.
2, 13
Let p = 32 - 36. List the prime factors of (-2)/(-2) + (-16)/p + -1.
2
Let k be 98 + 2 - (0/(-2) + 1). Let d = 188 - k. List the prime factors of d.
89
Suppose 2*c + 4*q + 14 = 3*q, -4*c + 3*q = 38. Let n = 5 + c. What are the prime factors of 11/(-2)*4*n?
2, 3, 11
Suppose -4*a = 3*t - 46, 25 = -4*a - 4*t + 73. Suppose 3*p = p + a. Suppose 2*g + p*f = 15, -g = 5*f - 4 - 6. List the prime factors of g.
5
Let r be (294/(-10) + (-2)/(-5))*-5. Suppose -4*k + y + 450 = 0, 5*k - 715 = 5*y - r. List the prime factors of k.
2, 7
Let p(k) = -16*k + 10*k - 1 + 5*k**2 + 8*k**2 - k**3 + 0. What are the prime factors of p(12)?
71
Let b(w) = -w**3 + 8*w**2 + 8*w + 5. Let k be b(9). List the prime factors of (-4576)/(-22)*(-6)/k.
2, 3, 13
Suppose -4*r + 44 = 2*i, -3*r + 143 = 5*i + 26. Let w = i - 18. What are the prime factors of w?
2, 3
Let a be (2/3)/(2/6). Let f be (15/(-20))/(3/(-20)). Suppose b + 3*b - 34 = -a*p, -f*b - 5*p = -35. What are the prime factors of b?
2, 5
Let f be (-2)/6 - 341/(-33). Let m(n) = -3*n**2 + 30*n - 22. Let h(p) = -p**2 + 10*p - 7. Let v(d) = 17*h(d) - 6*m(d). What are the prime factors of v(f)?
13
Let q(m) = 15*m**2 - 2*m. Let c be q(3). Let v = c + -69. What are the prime factors of v?
2, 3, 5
Let c be ((-82)/(-2))/(5*7/175). Suppose 0 = -5*j - 3*n + 7, 3*j - 4*n - 9 = -n. Suppose -j*q - 16 = 2*q, 3*f - 4*q = c. List the prime factors of f.
3, 7
Let k(p) = p**2 - 5*p + 3. Let a be k(3). What are the prime factors of (62/a)/((-2)/3)?
31
Let w be ((-15)/4)/((-18)/48). Suppose -2*s + w = -2*l, 34 = -5*l + 3*s - 7*s. Let y(o) = o**2 + 2*o - 8. What are the prime factors of y(l)?
2
Let u be (-2)/5 - (-14)/10. Suppose u = -4*d - 27. Let o = 13 - d. What are the prime factors of o?
2, 5
Let p = 6 + -3. What are the prime factors of (p + (5 - 7))*82?
2, 41
Let f be 2/9 - 97/(-9). Suppose f*k = 6*k + 450. What are the prime factors of k?
2, 3, 5
Let r(i) = -i + 20. Suppose -2*v = -v + 3*f - 7, -5*f + 16 = 2*v. What are the prime factors of r(v)?
7
Let v = 717 - 118. List the prime factors of v.
599
Suppose -6*n - 1797 = 2019. What are the prime factors of 1/((-8)/n)*(-40)/(-15)?
2, 53
Suppose -5*l = -3*n + 66, 8*l = 2*n + 3*l - 39. What are the prime factors of (-51)/4*(-36)/n?
17
Suppose 0 = 12*m - 10*m - 492. Suppose a + 2*b = 94, 0 = 3*a + 2*b - 5*b - m. List the prime factors of a.
2, 43
Let h(j) = j**3 - 7*j**2 - 5*j - 21. Let n be h(8). Let f(k) = 9*k**2 + 3*k + 4. List the prime factors of f(n).
2, 47
Let d(m) = -m**3 + m**2 + 52*m + 26. What are the prime factors of d(-13)?
2, 3, 11, 13
List the prime factors of (-1 - -220)*(-558)/(-54).
31, 73
Suppose n - 5*n + 1240 = 0. Suppose -5*s = -10*s + n. List the prime factors of s.
2, 31
Suppose -j - 3 = -t + 2*t, 0 = -3*j - 12. Suppose 2*i - 24 = 4. Let c = i + t. What are the prime factors of c?
3, 5
Suppose -5*r + 5*w + 124 = 3*w, 3*r + 3*w - 87 = 0. Let u = r - 36. Let n = 2 - u. What are the prime factors of n?
2, 3
Suppose -12 = i - 0*i. List the prime factors of 104/(-14)*42/i.
2, 13
Suppose -325 = -o + s, 5 = 3*s - 7. What are the prime factors of o?
7, 47
Suppose r - 3*w + 1 + 5 = 0, -r - 6 = 3*w. What are the prime factors of (-2 - (-2396)/4)/((-18)/r)?
199
Suppose -939 = -15*m + 1131. What are the prime factors of m?
2, 3, 23
Let n = -17 + 19. Suppose -4*x + n*x = -304. List the prime factors of (13/(-52))/((-2)/x).
19
Let i = -172 + 747. What are the prime factors of i?
5, 23
Let m(l) = 175*l - 234. What are the prime factors of m(7)?
991
Let y = 5 - 6. Let r(g) = 3*g**2 - 1. Let a be r(y). Suppose x + i + 3*i = 32, a*x - 2*i - 54 = 0. List the prime factors of x.
2, 7
Suppose 0 = 3*n + 4*b + b - 810, -b + 1350 = 5*n. Suppose -d - 5*f + 54 + 50 = 0, 0 = 3*d + f - n. What are the prime factors of d?
89
List the prime factors of (-2878)/(-8) - (-8)/32.
2, 3, 5
Let v = -409 + 412. Let l(x) be the second derivative of 5*x**4/12 + 5*x**3/6 - x**2/2 - x. List the prime factors of l(v).
59
Let a(y) = 5*y**3 + 15*y - 14*y - 2*y**3 - 1. Let l be a(1). Suppose -6*b = -357 + l. What are the prime factors of b?
59
Let m(n) be the third derivative of 89*n**5/60 - n**4/24 + n**3/6 - 2*n**2. List the prime factors of m(-1).
7, 13
Suppose -3111 = -2*a - 5*j, 4*a - 3088 = 3*j + 3121. List the prime factors of a.
1553
Suppose 20*y - 16*y - 5*t = 6776, -3*y + 5082 = -4*t. List the prime factors of y.
2, 7, 11
Let g = 4983 + -3290. List the prime factors of g.
1693
Let l(b) = -b**2 + 4*b - 2. Let c be l(2). Suppose -q = c*p - 5 - 13, 0 = 3*q - 4*p - 84. List the prime factors of ((-11)/(-3))/(4/q).
2, 11
Let n be (-1194)/33 + (-4)/(-22). Let u = n - -72. What are the prime factors of u?
2, 3
Let i = 118 + -47. Let k = 63 + -21. Let n = i - k. List the prime factors of n.
29
What are the prime factors of 1/((-2)/6) - 6811/(-7)?
2, 5, 97
Let v(t) = 2*t**2 - 6*t - 20. Let k be v(24). Suppose -357 = -2*l - x, -4*x - 94 = 5*l - k. What are the prime factors of l?
2, 89
Let y be (-430)/15 - (-2)/(-6). Let q = y + 167. List the prime factors of q.
2, 3, 23
Let o be (-27)/(-2)*(-16)/(-6). Suppose 5*j - 130 - 15 = 0. Suppose 5*z - o = j. List the prime factors of z.
13
Let x(u) = -u**2 - 24*u + 18. Let b be x(-14). Let s = b + -23. List the prime factors of s.
3, 5
Suppose -14*a + 58 = -15*a. Let f = a + 186. What are the prime factors of f?
2
Suppose -3*h = -3*c + 6333, 0 = -c + 3*c + 5*h - 4243. What are the prime factors of c?
2, 7, 151
Suppose -66*m = -55*m - 26158. What are the prime factors of m?
2, 29, 41
Let x(i) = -20*i - 19. Let a(t) = 7*t**3 + t**2 - t - 1. Let n be a(-1). List the prime factors of x(n).
101
Let m(o) = 144*o**2 - 15*o + 13. What are the prime factors of m(3)?
2, 79
Suppose -8*t + 7*t + 4 = 0. Suppose 0 = -u - 0*u + t. Suppose g + 5*o = 23 + 24, -2*g - u*o = -64. List the prime factors of g.
2, 11
Suppose 0 = b - 2*v - 2987, 9*b - 12*b + 5*v + 8962 = 0. List the prime factors of b.
7, 61
Let n(r) = -2*r**2 - 8*r + 8. Let u be n(-7). Let w = 82 + u. What are the prime factors of w?
2, 3
Suppose 0 = -145*g + 28*g + 205101. List the prime factors of g.
1753
Let j = -1581 - -2293. What are the prime factors of j?
2, 89
Let f be (-6)/4*(-6)/9. Let i be f/(-3)*5*-3. List the prime factors of (-3)/(-10)*16*i.
2, 3
Let m(g) = 33*g**2 - 248*g + 6. List the prime factors of m(-4).
2, 7, 109
Suppose -7*g - 22*g + 11832 = 0. List the prime factors of g.
2, 3, 17
Let n(l) = -11 - 5 + 1 + 13*l. List the prime factors of n(6).
3, 7
Suppose -2*a + 3*a = 3*v - 1958, -2*a + 3256 = 5*v. What are the prime factors of v?
2, 163
Let g(z) = -11*z**3 - z**2 + z. Let m be g(1). Let h be (0/(-1))/(m/11). Suppose h = -3*k + k + 66. List the prime factors of k.
3, 11
What are the prime factors of (33/(-6))/((-17)/6018)?
3, 11, 59
Let l(i) = -20*i + 98. List the prime factors of l(-14).
2, 3, 7
Suppose 5*y - 2*b = 7823, 7827 = 5*y + 7*b - 5*b. What are the prime factors of y?
5, 313
Let x = 734 + -250. List the prim